- 33864*a**2 - 15*a - 725. Determine c(-51).
40
Let l(y) = -2*y**2 + 703*y - 23678. What is l(313)?
423
Let q(r) = r**3 - 8*r**2 - 1851*r + 7464. Determine q(4).
-4
Let o(y) = -y**3 + 82*y**2 + 185*y - 1495. Calculate o(84).
-67
Let o(w) = 11*w**2 + 54*w - 310. What is o(-10)?
250
Let f(r) = r**3 + 84*r**2 + 666*r + 3838. Give f(-76).
-570
Let p(l) = -2*l**3 + 8*l**2 + 117*l + 1311. What is p(-9)?
2364
Let g(o) = -o**3 + 14*o**2 - 4109*o + 53188. Calculate g(13).
-60
Let o(z) = -2890*z**2 + 112709*z - 70. Calculate o(39).
-109
Let s(q) = 138325*q - 138326. Calculate s(1).
-1
Let p(m) = 3*m**3 - 78*m**2 + 51*m + 664. Give p(25).
64
Let w(r) = 3*r**2 - 268*r + 1485. Determine w(65).
-3260
Let f(l) = 60*l + 2099. Calculate f(-23).
719
Let a(c) = 3167*c - 12673. Determine a(4).
-5
Let u(w) = 15870*w**2 + 285666*w - 15. What is u(-18)?
-123
Let p(b) = -42*b**2 - 46*b - 68. Give p(-4).
-556
Let d(i) = -1829*i - 27658. What is d(-15)?
-223
Let p(w) = w**2 + 54*w - 133. Determine p(-56).
-21
Let t(g) = -11204*g + 2252022. Give t(201).
18
Let h(k) = -2*k**3 + 327*k**2 - 445*k + 99872. Determine h(164).
-4
Let p(m) = -4761*m + 197. Determine p(0).
197
Let t(a) = 34*a**2 - 3054*a - 6146. Calculate t(-2).
98
Let q(n) = -32*n**3 - 1507*n**2 - 52*n + 4177. What is q(-47)?
-6
Let s(q) = -9*q**2 + 2323*q - 9144. Calculate s(4).
4
Let t(f) = 26*f**2 + 972*f - 8917. What is t(-45)?
-7
Let u(q) = -10*q**2 - 3292*q - 16166. Determine u(-5).
44
Let s(d) = d**3 + 85*d**2 - 276*d - 516. Calculate s(-88).
540
Let v(n) = -31148*n - 217540. Calculate v(-7).
496
Let l(m) = -m**2 - 273*m + 1074. Give l(4).
-34
Let j(z) = 3*z**2 + 31111*z - 342531. Give j(11).
53
Let f(x) = -27603*x - 82876. Determine f(-3).
-67
Let i(k) = -7*k**3 + 46*k**2 + 318*k + 210. Calculate i(11).
-43
Let o(x) = 895*x + 38401. What is o(-44)?
-979
Let a(n) = 1671*n + 1041037. Determine a(-623).
4
Let q(r) = 3*r**3 - 589*r**2 - 4890*r + 116. Give q(-8).
4
Let v(u) = 76*u**2 - 101439*u + 73375. Determine v(1334).
5
Let w(x) = x**3 - 241*x**2 + 2427*x - 3. Give w(11).
-1136
Let k(s) = -s**2 - 5478*s - 92869. What is k(-17)?
-32
Let x(m) = 41*m**2 + 630*m + 150. Give x(-15).
-75
Let z(f) = 2*f**3 + 701*f**2 - 331*f + 7050. Give z(-351).
30
Let p(c) = 1197*c + 17072. What is p(-15)?
-883
Let t(v) = -5*v**2 - 249*v - 1294. Determine t(-6).
20
Let z(x) = -2*x**3 + 217*x**2 - 578*x + 5105. What is z(106)?
17
Let b(r) = -63*r + 1959. Determine b(35).
-246
Let c(l) = 941*l - 476144. Determine c(506).
2
Let i(j) = -6*j**3 - 231*j**2 - 450*j - 12772. Calculate i(-38).
-4
Let s(u) = -36454*u + 546693. Calculate s(15).
-117
Let r(q) = 23*q**3 + 158*q**2 + q + 18. Calculate r(-4).
1070
Let s(o) = -269*o**3 - 3*o**2 - 148*o + 147. Give s(1).
-273
Let h(p) = 74*p**3 + 440*p**2 - 158*p - 947. What is h(-6)?
-143
Let w(v) = 4*v**2 - 263*v + 1146. Determine w(61).
-13
Let i(y) = -33*y - 673. Determine i(-23).
86
Let o(c) = -845*c - 109006. Determine o(-129).
-1
Let n(k) = 1166*k + 101545. What is n(-87)?
103
Let p(g) = -14*g**3 + 4476*g**2 - 3194*g + 1331. Calculate p(319).
55
Let i(z) = -4*z**2 - 22*z - 1969. Calculate i(0).
-1969
Let g(p) = -p**2 + 407*p - 1590. What is g(4)?
22
Let k(y) = -231*y - 4797. What is k(-21)?
54
Let z(r) = -3*r**2 - 744*r - 39789. Give z(-78).
-9
Let b(k) = -k**2 - 2040*k - 510415. What is b(-292)?
1
Let m(x) = 925*x - 5932. Determine m(7).
543
Let u(h) = -5*h**2 + h + 410. Calculate u(9).
14
Let k(n) = -n**2 - 6196*n + 2353255. What is k(359)?
10
Let t(g) = -36*g**2 - 1759*g + 7622. What is t(4)?
10
Let s(w) = -w**2 + 891*w + 9785. What is s(-11)?
-137
Let u(y) = 1617*y**2 + 8081*y + 5. Determine u(-5).
25
Let k(c) = 51672*c - 52285. Determine k(1).
-613
Let f(d) = 9733*d - 642371. What is f(66)?
7
Let t(x) = x**2 - 27*x - 28. What is t(22)?
-138
Let t(b) = -75*b**3 + 44*b**2 - 34*b + 63. What is t(3)?
-1668
Let u(v) = -571*v**3 + 58242*v**2 - 24*v + 2448. Calculate u(102).
0
Let y(z) = 8*z**3 - 896*z**2 + 12*z - 2979. What is y(112)?
-1635
Let t(u) = -u**3 - 18*u**2 - 7*u - 155. Determine t(-17).
-325
Let o(i) = -742463*i + 9652026. Determine o(13).
7
Let k(x) = -20*x**2 + 1862*x - 197. Determine k(93).
-11
Let a(s) = 1523*s + 39147. Calculate a(-26).
-451
Let t(a) = 4*a**2 + 604*a - 3761. What is t(-157)?
7
Let r(o) = -150619*o - 1355517. Calculate r(-9).
54
Let y(z) = -22470*z + 44937. Calculate y(2).
-3
Let v(g) = 7771*g + 559574. What is v(-72)?
62
Let s(l) = 137*l**2 + 8603*l - 1596. Give s(-63).
168
Let z(m) = 205*m - 15567. What is z(68)?
-1627
Let h(g) = -28*g**2 + 752*g - 19. Calculate h(23).
2465
Let t(w) = -10*w**2 + 4524*w + 87654. Give t(471).
48
Let d(c) = c**3 + 2*c**2 + 190439*c + 380872. Determine d(-2).
-6
Let y(r) = 6229*r - 12454. Calculate y(2).
4
Let d(a) = 110*a**2 - 1865*a - 2. What is d(17)?
83
Let d(s) = -14*s**2 - 200*s + 1224. Give d(6).
-480
Let n(u) = u**3 + 7*u**2 + 97*u + 805. What is n(-8)?
-35
Let j(b) = -886*b - 5982. Determine j(-7).
220
Let d(y) = -y**2 + 228*y - 11186. What is d(155)?
129
Let k(f) = -2*f**2 - 81*f - 237. Determine k(-7).
232
Let a(d) = -5*d**2 - 52*d + 7176. Determine a(33).
15
Let i(h) = 4135*h + 2485143. Determine i(-601).
8
Let w(l) = -7362*l + 234914. Determine w(32).
-670
Let q(r) = 5*r**3 + 34*r**2 + 492*r + 2773. Determine q(-6).
-35
Let m(x) = -7*x**3 - 38*x**2 + 4*x + 39. Determine m(-7).
550
Let s(u) = 452*u**2 + 2287*u + 2810. Calculate s(-3).
17
Let g(j) = j**3 + 214*j**2 + 4523*j + 124741. What is g(-194)?
-1
Let v(b) = -137743*b + 688716. Give v(5).
1
Let k(x) = x**3 - x**2 + 12*x + 160. Calculate k(-7).
-316
Let a(u) = 6*u**2 + 270*u + 265. Give a(-44).
1
Let u(w) = -w**3 - 78*w**2 + 1969*w + 1133. Give u(-98).
251
Let x(n) = 178561*n + 714236. Determine x(-4).
-8
Let g(v) = -9*v**3 - 18*v**2 + 23*v + 53. What is g(-2)?
7
Let f(m) = m**2 - 76*m - 2319. Calculate f(-24).
81
Let j(c) = 6*c**3 - 4*c**2 + 5986*c - 5983. Determine j(1).
5
Let m(y) = -15*y**2 + y - 127. Determine m(-4).
-371
Let f(g) = g**3 + 55*g**2 + 35*g + 4750. Determine f(-56).
-346
Let j(m) = 94998*m + 1044956. Determine j(-11).
-22
Let p(z) = -300*z**2 + 1462*z + 14. What is p(5)?
-176
Let o(h) = -h**3 - 46*h**2 - 74*h - 795. What is o(-46)?
2609
Let g(y) = 195*y**3 + 22*y**2 - 32*y + 1. Give g(-2).
-1407
Let m(u) = -635*u**2 + 34288*u - 40. Give m(54).
-148
Let z(j) = 2*j**2 + 22*j - 8576. What is z(60)?
-56
Let r(q) = -19*q**3 - 8069*q - 16147. Determine r(-2).
143
Let d(b) = -261*b**2 - 273780*b + 9472. Calculate d(-1049).
31
Let c(j) = j**3 + 6*j**2 - 255*j - 1723. Determine c(-7).
13
Let k(h) = 2*h**2 + 65*h - 31381. Calculate k(111).
476
Let l(i) = -75170*i + 1428226. What is l(19)?
-4
Let j(x) = -x**3 + 12*x**2 - 77*x - 586. What is j(-4)?
-22
Let p(w) = 27374*w + 4160855. What is p(-152)?
7
Let w(q) = 19740*q - 14429909. Calculate w(731).
31
Let k(a) = a**2 + 400*a + 14672. What is k(-37)?
1241
Let r(c) = 4*c**3 + 34*c**2 - 227*c - 1600. Calculate r(-10).
70
Let b(k) = -48894*k + 27674005. Calculate b(566).
1
Let g(c) = -92*c - 482. What is g(-1)?
-390
Let f(l) = l**3 + 28*l**2 - 396*l + 291. What is f(-39)?
-996
Let i(s) = 3*s**2 + 150*s + 1303. What is i(-35)?
-272
Let d(y) = 3*y**2 - 1001*y + 1623. What is d(332)?
-37
Let a(x) = x**3 + 71*x**2 + 1273*x + 124. What is a(-36)?
-344
Let z(n) = -n**3 - 1374*n**2 + 3535*n + 6738688. Determine z(-1373).
4
Let i(m) = -5527*m - 431112. Give i(-78).
-6
Let i(v) = -26898*v + 2743578. Determine i(102).
-18
Let i(v) = -5988*v - 66190. Determine i(-11).
-322
Let w(z) = 11926111*z + 23852218. Calculate w(-2).
-4
Let x(y) = -2*y**2 + 6209*y + 187924. Determine x(-30).
-146
Let n(v) = 228*v + 7915. Calculate n(-32).
619
Let m(l) = -2*l**2 + 563*l - 23018. Determine m(50).
132
Let d(r) = 2*r**3 - 82*r**2 - 365*r + 112. Determine d(45).
-113
Let m(h) = -h**2 + 1079*h + 67255. Determine m(-59).
113
Let s(f) = -2*f**3 + 593*f**2 + 2492*f + 379. What is s(-4)?
27
Let k(u) = -236*u - 10621. Calculate k(-47).
471
Let u(k) = 30*k**2 + 1465*k - 64. Calculate u(-49).
181
Let h(t) = -11165*t - 815286. Determine h(-73).
-241
Let i(x) = x**3 + 295*x**2 - 1496*x + 1056. Calculate i(-300).
-144
Let l(j) = -849*j + 115451. Calculate l(136).
-13
Let f(y) = y**3 - 181*y**2 - 2326*y + 1854. Give f(193).
-76
Let s(b) =